/(-35)). What is the highest common divisor of l and j?
27
Let n(r) = -8*r + 2244. Let h be n(35). Calculate the highest common factor of h and 4.
4
Suppose 0 = p - 191 + 186. Suppose p*m = -4*w + 99, -10*m = -7*m + 3. Calculate the greatest common divisor of w and 91.
13
Let z = -3664 + 3605. Let l be (14 + 0)*(-7)/2. Let h = l - z. What is the greatest common factor of h and 10?
10
Suppose 5*s - 80 = -5*o - 25, 0 = 5*s - 6*o - 88. What is the highest common divisor of 840 and s?
14
Suppose 0 = -2*x + 3*v + 615, 3*x = 8*v + 329 + 611. What is the greatest common factor of x and 700?
100
Let n(i) be the first derivative of i**4/4 + 13*i**3/3 + 25*i**2/2 - 14*i - 81. Let h be n(-10). What is the greatest common divisor of 198 and h?
18
Suppose -5*z = -2*g + 100, 0 = 5*g - 19*z + 21*z - 221. What is the greatest common factor of g and 162?
9
Let c = 36 + -38. Let q be (3 - (c - -6)) + 15. Suppose -2*a + 10 = 2*t, -t + q = 3*t - 2*a. Calculate the greatest common factor of 32 and t.
4
Suppose 145*l + 2*x = 140*l + 57462, 0 = -l - x + 11493. What is the highest common divisor of l and 663?
221
Suppose -5*u + 159 = -6*g, 3*u - 7*u + 2*g + 130 = 0. Calculate the highest common divisor of u and 10967.
11
Suppose 2*z + 2*z = 80. Let n(i) = 21*i**2 - 83*i - 10. Suppose 6*p = 29 + 1. Let v be n(p). What is the highest common divisor of z and v?
20
Let k be (3758 - 2) + -85 + 97. What is the greatest common divisor of 48 and k?
24
Let h be ((-40)/(-7))/(38/2128). What is the highest common divisor of h and 544?
32
Suppose -4*k = -2*a - 482, 3*a + 722 = -0*a + 5*k. Let o = a - -256. What is the greatest common factor of o and 459?
17
Suppose -5*p - 59 = -209. Suppose 10 = -2*k, -5*t + 170 = -k - p. What is the highest common divisor of 65 and t?
13
Suppose 11*y = 6*y + 15. Let t be 1 - y - 4/(-8)*436. Suppose -5*a + t = a. Calculate the highest common factor of 60 and a.
12
Suppose 0 = 23*g - 0*g - 22791 + 3931. What is the greatest common divisor of g and 65?
5
Suppose -n - x = -233 - 42, n = 2*x + 290. Suppose 2*g - 20*h = -19*h + 74, 0 = g - h - 39. What is the highest common divisor of n and g?
35
Suppose 0 = -8*x + 3*x + 4*w + 671, 3 = 3*w. What is the highest common divisor of x and 1035?
45
Let a(j) = 16*j - 51. Let o be -5*3/(-6) - (-1)/(-2). Suppose o*q - 29 = -3*v, 4*v + 7 = 3. Let h be a(q). What is the greatest common factor of h and 82?
41
Let m(f) = f**3 + 21*f**2 - 2*f - 29. Let n be m(-21). Suppose 5*v + 120 = n*v. What is the highest common divisor of v and 18?
3
Let y be (-2)/1*182/(-91) - -94. Calculate the greatest common divisor of 322 and y.
14
Let u(w) = w + 55. Let h(t) = t - 54. Let m(i) = 5*h(i) + 6*u(i). Let g be m(-5). What is the greatest common factor of g and 2?
1
Suppose -2*q - 3*c = -116, 5*q + c - 6 = 271. What is the highest common factor of 3201 and q?
11
Suppose -l - 1 = -3*c, -4*c + 3 = 5*l + 8. Suppose c = -4*a + 489 - 433. What is the greatest common factor of a and 35?
7
Let c(r) = 9*r**2. Let p be c(-1). Let z(l) = -95*l + 27. Let h be z(-11). Suppose -43*j = h - 4942. What is the highest common factor of j and p?
9
Suppose 32*b - 36 = 29*b. Suppose -8*p + 164 = -b*p. Let k = p + 42. What is the highest common factor of k and 5?
1
Let d(u) = u**3 - 15*u**2 - 2. Let c = 5 + 10. Let y be d(c). Let v be 161 + (-2 - y) + 1. Calculate the greatest common factor of v and 18.
18
Let x = -2394 - -2423. Suppose 2 = i - 10. Let q = 46 + i. What is the highest common divisor of x and q?
29
Let s(k) = -12*k + 99. Let n be s(8). Suppose -5*w + 43 = 2*f, 5*f + 2 = n*f + 4*w. Calculate the greatest common factor of 243 and f.
9
Let q be (-3)/(-6)*(1 + 1). Let n = 8 - q. What is the greatest common factor of 21 and n?
7
Let r(u) = -u**2 + 20*u - 20. Let m be r(18). Let l be (372/155)/(6/80). Calculate the greatest common divisor of m and l.
16
Suppose -3*u - 168 = -4*i - 5*u, 3*i - 5*u = 113. Suppose 4*q - 652 + 488 = 0. What is the highest common factor of i and q?
41
Let y(k) = -2*k - 13. Let x be y(-8). Let d be 6*(49/x - 2). Suppose -413 = -6*z - 155. What is the highest common factor of z and d?
43
Let s(i) = 50*i**2 + 21*i - 19. Let d be s(13). What is the greatest common divisor of d and 68?
68
Suppose 0 = a + 10*a + 44. Let g be ((-30)/(-8))/(a/(-96)*6). What is the greatest common divisor of 300 and g?
15
Suppose 5*w + 0*w = -3*q + 17, -2*q + 12 = 4*w. Suppose 0 = 3*v + 5*n - 257, v + 5*n - 425 = -q*v. Calculate the greatest common factor of v and 42.
42
Let h(y) be the first derivative of -51*y**4/4 + 2*y**3/3 + 3*y**2/2 + y - 2. Let v be h(-1). What is the highest common factor of v and 6?
3
Let j be -3 + 6 + -3 + 9. Calculate the highest common factor of j and 1227.
3
Let d = 20 - -21. Suppose 2788 = 4*u - 4*z, 6*z + 161 = u - 536. What is the greatest common divisor of u and d?
41
Let p be -3 - ((1 - -2) + -3 + (-6235)/145). Let z(i) = -2*i - 4. Let k be z(-6). Calculate the highest common factor of p and k.
8
Suppose 0 = 3*m - h + 5*h - 296, 2*h = 4*m - 358. What is the highest common divisor of m and 5428?
92
Suppose 0 = -3*u - 6*m + 4*m + 561, 0 = 2*u - 3*m - 387. What is the highest common factor of 5103 and u?
189
Suppose 0 = w - 4*w + 18. Let l be (-27)/(-2)*(-932)/(-6291). Calculate the greatest common divisor of l and w.
2
Let y be 885/20 + 203/116. What is the greatest common divisor of y and 299?
23
Suppose 3*v + 5*r + 1379 = 4*v, -3 = r. What is the greatest common factor of 44 and v?
44
Let k(y) = y**2 + 2*y + 2. Let u(j) = -j**2 - 25*j + 39. Let n(l) = 3*k(l) + u(l). Let i be n(-18). Calculate the greatest common divisor of i and 23.
23
Suppose 7 - 1 = -3*k. Let p be (k - -2) + 9/((-45)/(-20)). Suppose -p*d + 13 = c - 16, -2*d - 3*c + 7 = 0. Calculate the greatest common divisor of 8 and d.
8
Suppose -117*u = -121*u + 2183 + 409. Let f be (54/5)/((-6)/(-40)). What is the highest common divisor of u and f?
72
Let w(b) = 8*b**2 - 14*b. Let t be w(2). Let y be (6 - -1) + t + 7. What is the greatest common divisor of 24 and y?
6
Let r(u) = -u**3 - 69*u**2 - 263*u - 131. Let z be r(-65). Calculate the highest common factor of z and 15424.
64
Let p be 1 + 6549 - -2*(7 + -8). Suppose p = 19*r - 881. Calculate the highest common divisor of r and 17.
17
Suppose -5*x = 5*a - 100, 4*a - x - 27 = 53. Let k = 619 + -459. Calculate the greatest common divisor of k and a.
20
Let c = 36 + -14. Let l(d) = 603*d - 37378. Let v be l(62). Calculate the highest common factor of c and v.
2
Let u(d) = -22*d + 1 + 10*d + 4*d. Let a be u(-1). Let h(g) = -14*g + 23. Let l be h(1). What is the greatest common factor of l and a?
9
Let k(g) = 26*g**2 + 69*g + 548. Let q be k(-13). Calculate the highest common divisor of q and 1.
1
Let u be (-6 + 0)*66/(-9). Let q(b) = b**3 + 13*b**2 - 30*b + 11. Let v be q(-15). What is the highest common factor of u and v?
11
Let m = -9046 - -9076. Let r(d) = 9*d**3 + 3*d - 3. Let q be r(2). Suppose -l = 5*k - 75, 3*l + l = 5*k - q. Calculate the greatest common factor of k and m.
15
Let z(p) = -p**3 - p**2 + 3*p + 62. Let t(y) = -6*y - 84. Let m be t(-14). Let w be z(m). Calculate the highest common factor of w and 2.
2
Suppose 12*y + 25*y - 32560 = 0. Calculate the greatest common factor of y and 640.
80
Let v(k) = k - 8. Let r be v(8). Suppose -5*g = -2*m - 182, 0*g - 4*g + m + 145 = r. Suppose -12 = -g*s + 33*s. What is the greatest common divisor of 4 and s?
4
Suppose 4*g + 99 = -3*n + 628, -4*g = 2*n - 530. Let f be (4 - -5) + 12/30*30. Calculate the greatest common divisor of f and g.
7
Suppose -952*n + 935*n + 510 = 0. Let f(a) = 2*a**2 + 14*a - 13. Let t be f(-11). What is the greatest common divisor of t and n?
15
Suppose 2*l = f - 0*f - 8, -3*l - 10 = -f. Suppose 5*g + f*h - 355 = 0, 0*g - 2*g + 170 = -4*h. Calculate the highest common factor of 50 and g.
25
Let j be (32/24)/(2/(-9) + 0). Let y = j + 7. Let v be y/(-2)*0 - (-11 - 115). What is the highest common divisor of 18 and v?
18
Let y = -159 + 162. Suppose 12 = -3*q - y*n + 108, -3*n = 3. What is the greatest common factor of 363 and q?
33
Let f(k) = -k**3 - 2*k**2 - 21*k - 107. Let j be f(-4). Let x be (-5 + 2)/(j/(-672)). Let u = -43 - -75. What is the highest common divisor of x and u?
32
Let r(t) = t**3 - 179*t**2 - 190*t